igit of b?
2
Let f be (-24)/(-9) + (-4)/6. Let c(x) = 0*x**2 - 8*x + 5 - 2*x**2 + 3*x**f. What is the units digit of c(8)?
5
Let s be 0*((-10)/4 + 2). Let v be 2 + s + -3 - 3. What is the units digit of (-5)/(-1) + v/(-2)?
7
What is the units digit of 16500/22*2/5?
0
Suppose -2*f = -7*f + 20. What is the units digit of f?
4
Let w(l) = -l + 8. Let v be w(6). Suppose -v*q + 27 = q. What is the units digit of q?
9
Suppose 0 = 4*t + 2*i + 10, -3*i = 4*t - 7*i - 20. Suppose -3 = 5*w - t*z + 3*z, z + 1 = 0. Suppose 5*m - 2 - 13 = w. What is the units digit of m?
3
Let d = -16 - -25. What is the units digit of d?
9
Let k be 12/30*(-1 - -6). Suppose 5*n + 103 = 4*z + 19, 2*z - k*n - 40 = 0. What is the units digit of z?
6
Let j(s) = s. Let z be j(1). Suppose z = -x + 6. What is the units digit of (8/x)/(6/15)?
4
Let p(a) = a + 6. Let t be p(-4). Suppose 0 = t*q - 5*q + 12. What is the units digit of q?
4
Let j = 6 + -4. Let f be (6/(-6))/((-1)/7). Suppose -3*u + 35 = b, -4*u = -f*u + j*b + 38. What is the tens digit of u?
1
Suppose 57*d - 2472 = 45*d. What is the hundreds digit of d?
2
Let g(p) = -50*p - 2. What is the tens digit of g(-1)?
4
Let w = -32 + 29. What is the tens digit of 630/56*(-16)/w?
6
Let o(m) = -3*m**3 - 10*m**2 - 3*m - 18. What is the hundreds digit of o(-5)?
1
Let n = -16 - -18. Suppose -45 = -r - n*r. What is the tens digit of r?
1
Let v be (6/(-15))/((-2)/(-360)). Let r be 6/((-2)/(-2)*-1). What is the units digit of r/30 + v/(-10)?
7
Suppose 0 = -6*b + b + 25. Let v = 7 + b. What is the units digit of v?
2
Suppose -4*w = l - 5*l - 1816, -5*l + 2220 = 5*w. What is the tens digit of w?
4
Suppose 4*p - 49 + 13 = 0. What is the tens digit of p/(-12) + 309/12?
2
Let z be 1/2 - 2/(-4). Let r = z - -10. What is the tens digit of r?
1
Let z be (-6)/(1/(-3 - -2)). Let t = z - -29. What is the tens digit of 106/10 - (-14)/t?
1
Suppose 3*l + 6 - 78 = 0. Let u be l - -1 - (-1 - -2). Suppose 2*i + u = 4*i. What is the units digit of i?
2
Let z = 14 - 10. Suppose -u - 6 = -z*m, m = 4*m - u - 4. Suppose -m*l = -l - 3. What is the units digit of l?
3
Let t(n) = -n**3 - 2*n**2 + 30. What is the units digit of t(0)?
0
What is the tens digit of -4 + 15/5 - -117?
1
Suppose -w = -r + 176 - 12, 3*r - 4*w - 495 = 0. What is the tens digit of r?
6
Suppose -g + 27 = 2. Suppose 9 + 1 = 2*z. Suppose -70 = -z*d - g. What is the units digit of d?
9
Suppose -2*c + 18 = -0*y + 2*y, 25 = 5*c. Suppose 6*l = y*l + 4. What is the units digit of l?
2
Let y be (-12)/9*(-1 - 2). Suppose -y*f - 3 = -7*f. What is the units digit of f?
1
Let i(l) = -l**2 + 19*l - 5. Let k(u) = -15*u**3 + u**2 + 2*u + 1. Let y be k(-1). What is the tens digit of i(y)?
5
Let p(x) = x**3 - 3*x + 1. Let c be p(2). Suppose -2*k - c*k + 25 = 0. What is the units digit of k?
5
Suppose 3*i - 197 = 2*r, -6*i + 10*i - 5*r - 272 = 0. What is the units digit of i?
3
Suppose -5*g + 12 = -g. Suppose -g*c - 1 = -31. What is the tens digit of c?
1
Let r(k) be the third derivative of -k**6/120 - k**5/15 + k**4/6 - 3*k**2. What is the units digit of r(-5)?
5
Let a(r) = -r**2 + 16*r - 6. What is the units digit of a(8)?
8
Let p = 51 + -9. What is the tens digit of p?
4
Suppose -3*q = -2*q. Let j(i) = -5*i - i + 1 + i**2 + q*i. What is the units digit of j(7)?
8
Let o(p) = -2*p**2 - 7*p + 1. Let d(t) = 2*t**2 + 6*t - 1. Let u = -3 - -10. Let l(s) = u*d(s) + 6*o(s). What is the units digit of l(1)?
1
Let m(s) = -4*s**2 + 4*s - 3. Let r be m(2). Suppose 7 = -2*a - 11. Let d = a - r. What is the units digit of d?
2
What is the tens digit of 2/(152/(-77) - -2)?
7
Let k(y) = y + 5. Let q be 0 + -2 + 0 + -5. Let g be k(q). What is the units digit of (-2 + 17)/((-3)/g)?
0
Let r be 0 + 1/(2/(-4)). Let s = -7 - r. Let z(f) = f**3 + 4*f**2 - 5*f + 5. What is the units digit of z(s)?
5
Suppose -5*b = -3*b - 16. Let w = -30 - -18. What is the tens digit of 41/3 + b/w?
1
Let u(v) = 10*v - 2. What is the units digit of u(2)?
8
Suppose 6*g - g = 30. Let k = g - 5. Let p(t) = 12*t**2 + 2*t - 1. What is the tens digit of p(k)?
1
Let z(n) = 13*n**2 - n + 3. What is the tens digit of z(3)?
1
Let s = -30 + 76. Suppose 0 = -4*n + 6 + s. What is the units digit of n?
3
Let l(s) = s**2 + 4*s + 3. Let r be l(-3). Suppose r*w = 4*w. Suppose 0 = -w*n - n + 1. What is the units digit of n?
1
Suppose -7 + 4 = 3*v. Let c(b) = 3*b**2 - 1. What is the units digit of c(v)?
2
Suppose -3*f = -4*w - 362, f = 2*f - w - 119. Suppose 0*g - f = -3*g. What is the units digit of g?
8
Let b = -5 - -2. What is the units digit of (-1 + (b - -3))*-1?
1
Let c be 8/(-3)*27/(-12). Let g be 3*(-2 - (-16)/c). What is the units digit of -1 - (-12 + g/1)?
9
Suppose 4*l + 0*l = 20. Let b = 8 - l. Suppose x - b = -2*h + 1, 0 = -h + x - 1. What is the units digit of h?
1
Let m(q) = -12*q - 3. Let n be m(-3). Suppose -n - 21 = v - w, -2*v - 117 = -5*w. What is the units digit of (-2)/7 - v/7?
7
Let m = 75 + -146. Let h = m + 106. What is the units digit of h?
5
Suppose a + 4*a = 0. Suppose u + a*u = 1. What is the units digit of u?
1
Suppose -n + 7 = q, 4*q - 5*n - 2 - 8 = 0. Let p = q - -3. Suppose 2*i - 22 = -j - 3*i, -p = 2*j - 3*i. What is the units digit of j?
2
Let h(i) = -i**3 + 7*i**2 + 3*i + 10. What is the tens digit of h(7)?
3
Let d(q) = 3*q + q**3 - 2*q**2 + 4*q + 12*q**2 - 3. Let b be d(-7). Suppose -x + b = 4*x. What is the units digit of x?
9
Suppose 3*d + 57 + 30 = 0. Let w = -11 - d. What is the tens digit of w?
1
Let f(h) = -h**3 + 4*h**2. What is the units digit of f(-3)?
3
Let y(w) = -w**2 + 5*w - 5. Let h be y(4). What is the units digit of ((-22)/2*1)/h?
1
Let z = 0 - -12. Suppose u = -o + z, -o = u + o - 17. Suppose 0 = 5*r - 4*r - u. What is the units digit of r?
7
Suppose a - 116 = 96. What is the hundreds digit of a?
2
Let g(b) be the second derivative of b**3/6 + 7*b**2 + 9*b. What is the units digit of g(7)?
1
Let c = -229 - -383. What is the tens digit of c?
5
Suppose 0 = -k - 3*k. Let z = k + 4. What is the units digit of z?
4
Let c = -33 + 11. Let z = c + 14. Let g = 13 - z. What is the units digit of g?
1
Let y(g) = -2*g**3 - 3*g**2 + 11*g + 3. What is the tens digit of y(-5)?
2
Let w = 18 - 10. Let r(q) = 3*q**2 - 5*q**2 + 1 + 9*q + q**2. What is the units digit of r(w)?
9
Let z be 3/(-2)*(-8)/3. What is the units digit of (-1*2)/(z/(-70))?
5
Let n be (-8)/(-12)*-3 - 8. Let l(y) = -y + 1. Let u(m) = 3*m - 9. Let c(r) = 4*l(r) + u(r). What is the units digit of c(n)?
5
Let k(g) = -g**3 - 9*g**2 - 7*g + 10. Let q be k(-8). What is the units digit of 63/(-18)*q*-1?
7
Let v(h) = 2*h**2 + 4*h - 1. Let y be v(-3). Let o be ((-12)/10)/(6/(-15)). Suppose 0 = -n - 2*n - 4*z + 34, y*n + o*z - 42 = 0. What is the units digit of n?
6
Let a(g) be the first derivative of -g**2/2 + 8*g - 2. Let v be a(-6). Suppose 5*m = 6 + v. What is the units digit of m?
4
Suppose 0 = -2*u - 2*o - 0*o, 3*o + 6 = -u. What is the units digit of u?
3
Let m(s) = 95*s**2 + s + 2. What is the tens digit of m(-1)?
9
Suppose -2 = -2*b + 18. Let z = b + -1. Let r = 16 - z. What is the units digit of r?
7
Let m = 16 - 11. Suppose -5*f - 72 = 4*p, 2*f + m*p + 63 = -2*f. What is the units digit of (-147)/f - 3/(-4)?
3
Let o(n) = n**3 + 3*n**2 - n - 1. Let k be o(-3). Suppose k*j + 21 = -5*v, 0 = j + v - 2*v - 7. Suppose -j*c = -13 + 5. What is the units digit of c?
4
Let b(u) = -u**3 - 8*u**2 - u - 1. Let z be b(-8). Suppose 3*c - z = 2*c. What is the units digit of c?
7
What is the units digit of (-810)/(-8 - -3) - (-2 - -1)?
3
Let h(z) = -z**2 - 2*z - 8. Let y be h(-8). What is the tens digit of (y/(-12))/(2/6)?
1
Let p(a) = -a - 1. Let k be p(-5). What is the units digit of 8 + k + (-2)/1?
0
Suppose 2*o + 0*o = 120. Suppose -o = 4*d - 3*v + 31, 4*v + 12 = 0. Let a = d - -35. What is the tens digit of a?
1
Suppose 5*t + 15 = -p, 4*p - 6*t - 40 = -t. Suppose -p*x = -3*y - 0*x + 15, -2*y + 10 = -5*x. What is the units digit of y?
5
Let y(n) = -2*n - 5*n**3 + 2*n + 1. Let j be y(-1). What is the units digit of 36/4*2/j?
3
Suppose -4 = 2*d + 4. Let u(v) = v**2 + 2*v - 5. Let q be u(d). Suppose -2*f + 4*a = q*a - 39, -2*f - 2*a = -42. What is the tens digit of f?
2
Let n(g) = 6*g**2 - 4*g + 3. What is the tens digit of n(2)?
1
Let p(t) = -t - 2. Let z be p(-2). What